factors of 2834647341.
3, 199, 4748153
List the prime factors of 709419559.
709419559
What are the prime factors of 907602189?
3, 13, 1193, 19507
List the prime factors of 344048048.
2, 19, 1131737
List the prime factors of 78398954.
2, 39199477
List the prime factors of 78139772.
2, 43, 149, 3049
What are the prime factors of 59521623?
3, 7, 19, 101, 211
List the prime factors of 481634348.
2, 13, 9262199
List the prime factors of 118995827.
4729, 25163
What are the prime factors of 1790148013?
1790148013
List the prime factors of 498406923.
3, 7, 131, 461
What are the prime factors of 54119801?
54119801
What are the prime factors of 3812203?
71, 53693
What are the prime factors of 68385754?
2, 34192877
What are the prime factors of 362928126?
2, 3, 11, 379, 1319
List the prime factors of 1040947720.
2, 5, 887, 29339
List the prime factors of 4708017569.
4708017569
List the prime factors of 2299408066.
2, 17, 67629649
What are the prime factors of 3374710954?
2, 19, 233, 563, 677
List the prime factors of 1311538119.
3, 437179373
What are the prime factors of 17171288?
2, 19, 173, 653
List the prime factors of 591948043.
53, 11168831
List the prime factors of 74207131.
23, 3226397
What are the prime factors of 112040142?
2, 3, 89, 209813
What are the prime factors of 1125503043?
3, 7, 53595383
What are the prime factors of 121302714?
2, 3, 13, 1555163
List the prime factors of 34697017.
17, 2041001
What are the prime factors of 435156782?
2, 7933, 27427
What are the prime factors of 263547549?
3, 17, 41, 42013
List the prime factors of 1914601239.
3, 70911157
What are the prime factors of 1120672159?
373, 769, 3907
What are the prime factors of 1077087264?
2, 3, 11, 79, 12911
What are the prime factors of 2314111170?
2, 3, 5, 7, 11019577
What are the prime factors of 11058011?
11058011
What are the prime factors of 106187397?
3, 61, 580259
What are the prime factors of 18243067?
18243067
List the prime factors of 13339091.
13339091
What are the prime factors of 209548579?
17, 269, 45823
What are the prime factors of 8208596?
2, 11, 197, 947
List the prime factors of 319119859.
31, 479, 21491
What are the prime factors of 98734348?
2, 4127, 5981
What are the prime factors of 432832584?
2, 3, 23, 784117
List the prime factors of 170465165.
5, 13, 317, 8273
List the prime factors of 206911125.
3, 5, 101, 607
What are the prime factors of 3085997273?
3085997273
What are the prime factors of 338736086?
2, 13, 2963, 4397
List the prime factors of 51131124.
2, 3, 11, 129119
What are the prime factors of 132956672?
2, 259681
List the prime factors of 18489903.
3, 6163301
List the prime factors of 185207272.
2, 859, 26951
What are the prime factors of 27615576?
2, 3, 1150649
What are the prime factors of 1896158600?
2, 5, 7, 47, 28817
What are the prime factors of 381459514?
2, 659, 289423
What are the prime factors of 15131795?
5, 7, 432337
List the prime factors of 254051170.
2, 5, 41, 107, 5791
List the prime factors of 1826852.
2, 157, 2909
What are the prime factors of 206166002?
2, 7, 1223, 12041
What are the prime factors of 129945094?
2, 64972547
List the prime factors of 466813270.
2, 5, 7, 11, 606251
List the prime factors of 703276454.
2, 351638227
What are the prime factors of 3302942334?
2, 3, 2213, 248753
List the prime factors of 494911901.
11, 479, 8539
List the prime factors of 22343556.
2, 3, 1163, 1601
List the prime factors of 2700384184.
2, 23, 29, 22003
What are the prime factors of 19060169?
23, 828703
List the prime factors of 313027572.
2, 3, 11, 13, 182417
What are the prime factors of 626357886?
2, 3, 7, 11, 193679
List the prime factors of 1780209870.
2, 3, 5, 59340329
List the prime factors of 6377931800.
2, 5, 31889659
List the prime factors of 237668751.
3, 26407639
List the prime factors of 4007303843.
647, 6193669
List the prime factors of 1299287110.
2, 5, 11, 1073791
List the prime factors of 4865053661.
13, 659, 567883
List the prime factors of 3449043715.
5, 13, 53062211
What are the prime factors of 7200633579?
3, 5381, 446053
What are the prime factors of 3104019315?
3, 5, 2287, 30161
List the prime factors of 4480127818.
2, 23, 97394083
What are the prime factors of 66766116?
2, 3, 5563843
What are the prime factors of 46416246?
2, 3, 97, 173, 461
List the prime factors of 151319269.
157, 963817
What are the prime factors of 60400609?
17, 3552977
List the prime factors of 53626349.
7, 7660907
What are the prime factors of 546377230?
2, 5, 7, 89, 87701
What are the prime factors of 43607495?
5, 8721499
What are the prime factors of 48326700?
2, 3, 5, 41, 3929
What are the prime factors of 1284185968?
2, 13, 751, 8221
List the prime factors of 339899924.
2, 7, 13, 293, 3187
List the prime factors of 7270994.
2, 47, 77351
List the prime factors of 122809097.
122809097
What are the prime factors of 1930556602?
2, 13, 74252177
List the prime factors of 122116871.
151, 808721
List the prime factors of 45298740.
2, 3, 5, 754979
What are the prime factors of 38555952?
2, 3, 107, 7507
List the prime factors of 269264863.
7, 38466409
List the prime factors of 263528468.
2, 7, 283, 4751
What are the prime factors of 54782803?
23, 2381861
List the prime factors of 20811856.
2, 13, 100057
What are the prime factors of 115564039?
233, 495983
What are the prime factors of 241663044?
2, 3, 7, 2876941
List the prime factors of 191149808.
2, 347, 34429
List the prime factors of 900845981.
7, 128692283
What are the prime factors of 1935280371?
3, 645093457
What are the prime factors of 821171227?
89, 509, 18127
What are the prime factors of 89794711?
89794711
List the prime factors of 194859576.
2, 3, 17, 159199
List the prime factors of 27619214.
2, 7, 61, 32341
What are the prime factors of 343506914?
2, 29, 5922533
List the prime factors of 501661020.
2, 3, 5, 7, 170633
List the prime factors of 26709957.
3, 29, 102337
List the prime factors of 138568730.
2, 5, 67, 206819
List the prime factors of 183021464.
2, 109, 209887
What are the prime factors of 2177657124?
2, 3, 31, 5853917
List the prime factors of 76699509.
3, 61, 283, 1481
What are the prime factors of 3958796945?
5, 791759389
List the prime factors of 1841886439.
32443, 56773
What are the prime factors of 4706471912?
2, 19, 30963631
List the prime factors of 26542512.
2, 3, 61441
What are the prime factors of 252059667?
3, 31, 397, 6827
What are the prime factors of 161244150?
2, 3, 5, 17, 37, 1709
What are the prime factors of 6993868815?
3, 5, 79, 421, 4673
What are the prime factors of 150649982?
2, 7, 151, 71263
List the prime factors of 322473022.
2, 227, 710293
What are the prime factors of 74596908?
2, 3, 173, 35933
What are the prime factors of 59916976?
2, 7, 17, 31469
List the prime factors of 85419633.
3, 13, 47, 46601
What are the prime factors of 125105390?
2, 5, 181, 69119
List the prime factors of 48312735.
3, 5, 3220849
What are the prime factors of 74553295?
5, 31, 480989
What are the prime factors of 269349446?
2, 5701, 23623
What are the prime factors of 42770804?
2, 10692701
What are the prime factors of 7212853?
967, 7459
What are the prime factors of 1466955934?
2, 5857, 125231
List the prime factors of 32328262.
2, 16164131
What are the prime factors of 38178586?
2, 19089293
List the prime factors of 1538081856.
2, 3, 59, 45259
List the prime factors of 678958653.
3, 4157, 54443
List the prime factors of 396719258.
2, 13, 241, 63313
What are the prime factors of 5753606743?
317, 18150179
What are the prime factors of 324028655?
5, 937, 69163
List the prime factors of 38839096.
2, 67, 72461
List the prime factors of 361639264.
2, 7, 1614461
What are the prime factors of 78335398?
2, 101, 387799
List the prime factors of 3615446232.
2, 3, 16738177
List the prime factors of 140199468.
2, 3, 479, 24391
What are the prime factors of 55812616?
2, 6976577
List the prime factors of 5935287686.
2, 2967643843
What are the prime factors of 6695350?
2, 5, 359, 373
List the prime factors of 52243596.
2, 3, 227, 2131
What are the prime factors of 118434335?
5, 23686867
List the prime factors of 77047278.
2, 3, 7, 11, 79, 2111
List the prime factors of 211339031.
2179, 96989
What are the prime factors of 109561170?
2, 3, 5, 761, 4799
What are the prime 